, 37
Let l(d) = 73*d - 179. Let y be l(4). Suppose 25*u - 28*u + y = 4*n, 68 = 2*u - n. What are the prime factors of u?
5, 7
Let o be 3/(-9) - (-83538)/81. Suppose -1 = -p - 0*p, p = -2*b + o. List the prime factors of b.
5, 103
Suppose 0 = 743*b - 771*b + 165732. List the prime factors of b.
3, 1973
What are the prime factors of (-6 - -33791) + 0 - (-14)/7?
13, 23, 113
Let m(j) = 2*j**3 - 14*j**2 - j + 4. Let c(k) = -k**2 + 6*k - 1. Let r be c(2). Let y be m(r). List the prime factors of y - (-262 + (-3 - -2)).
2, 5, 13
Let g be ((-7)/(-5))/((-15)/(-75)). Let o be ((-2)/(-6))/(g/3129). Suppose 2*w = -4, 3*n + 4*w - 236 - o = 0. What are the prime factors of n?
131
List the prime factors of 35/10*372560/56.
5, 4657
Suppose -21*s + 561934 + 9431 = -513768. What are the prime factors of s?
51673
Let w(r) be the first derivative of 2*r**3/3 + r**2 - 44*r - 45. Let q be w(11). Suppose 13*k + q = 2066. List the prime factors of k.
2, 71
Suppose 18*b - 1194742 = -10*b + 11722. What are the prime factors of b?
2, 2693
Let v(x) = 3*x**2 - 3 + 5 + 9*x**2 - 3. Let r be v(-1). Suppose -r*o - 28 = -15*o. What are the prime factors of o?
7
Suppose 15*g - 5*g = -8*g + 25146. What are the prime factors of g?
11, 127
Suppose -71*y - 17830 = -128007 + 5097. List the prime factors of y.
2, 5, 37
What are the prime factors of (-5 - (-9948)/(-60))*-5?
2, 7, 61
Suppose 2*o = -3*f + 83, 5*f + 0*o - 2*o - 117 = 0. Suppose 3*k + 3 = 0, 3*k + f + 9 = b. Suppose b*v + 390 = 36*v. What are the prime factors of v?
2, 3, 13
Let h(w) = 27*w**2 - w - 2. Let f be 1572/(-60) - (-8)/(-10). Let l = -26 - f. What are the prime factors of h(l)?
2, 3
Suppose 0*u - 4*u + 36 = 0. Let i = u - 7. List the prime factors of -2 + i + -5 + 57.
2, 13
Let n be (-1686)/(-2 - -4) + (-11 - -8). Let o = n - -1462. List the prime factors of o.
2, 7, 11
Let y(g) = -12*g**2 - 172*g + 27. What are the prime factors of y(-8)?
5, 127
Let q(f) = -f**3 + 5*f**2 + 11*f + 1. Let z be (4/8)/((-6)/72). Let m be q(z). Let d = m - 173. What are the prime factors of d?
2, 79
Let y = -189 - -820. Let d = y + -428. List the prime factors of d.
7, 29
Suppose -g + 2*t = -28369, 0 = 4*g + 54*t - 56*t - 113476. List the prime factors of g.
11, 2579
Let c = 148 - 146. Suppose -4*h - z + 0*z = -453, -2*h - c*z + 228 = 0. What are the prime factors of h?
113
Let u be (-64)/(-14) + (-1)/14*-6. Suppose p = u*p - 412. Let j = -47 + p. List the prime factors of j.
2, 7
Let b(c) = -4*c + 50. Let f be b(12). Suppose 3*m = p - 840, -614 - 211 = -p - f*m. List the prime factors of p.
3, 277
Let a = -34092 - -44214. List the prime factors of a.
2, 3, 7, 241
Suppose 3*m = -18, 3*d + 66*m = 62*m + 133155. List the prime factors of d.
103, 431
Suppose -k + 931 = -5*v, -33*k = -30*k - 5*v - 2843. Let o = -135 + k. List the prime factors of o.
821
Suppose -x = u - 862, 2571 = -4*u + 7*u - 2*x. Let v = -594 + u. What are the prime factors of v?
5, 53
Suppose -4*y = -5*j - 3*y - 36, 24 = -4*j - 4*y. Let o(k) = 6*k + 149. What are the prime factors of o(j)?
107
Let y(f) = -f**3 + 104*f**2 - 26*f - 5371. List the prime factors of y(102).
5, 2557
Let t = 45 + -68. Let z = 321 + t. What are the prime factors of z?
2, 149
Suppose -g + 2*f = -11022, -13*g = -9*g - 3*f - 44083. What are the prime factors of g?
2, 5, 19, 29
Let l = -183 - -185. Suppose -3*f = -l*h + 1097, 3*h - 12*f = -17*f + 1598. List the prime factors of h.
541
Suppose 187 = t - d, 9*d = -5*t + 12*d + 945. Let z = t - -122. List the prime factors of z.
2, 157
Suppose -2*g = 2*d - 44, g + 109 = 4*d - 2*g. Let t(j) = -j**3 - 26*j**2 + 59*j + 50. Let k be t(-28). What are the prime factors of k/(((-60)/d)/6)?
5, 17
Suppose 6*j = 2*j - 32. Let s be 132/j - -3*(-3)/(-6). Let a(t) = 2*t**2 + 21*t + 24. What are the prime factors of a(s)?
3, 53
Let q be -2 + (8/(-6))/((-3)/63). Let s(v) = 2*v**2 - 52*v + 2. Let y be s(q). List the prime factors of -1*y*(7 - 1757/14).
3, 79
Let r be 44*(-3)/(-2)*(-1)/(-1). Suppose -48 = 3*d - r. Let p(k) = 2*k**2 + 6*k - 2. What are the prime factors of p(d)?
2, 53
Suppose -3*c = -2*g - 147847, 3*g + 98563 = -93*c + 95*c. What are the prime factors of c?
13, 17, 223
Let o be ((-20)/(-30))/((-2)/(-6)). Suppose -2*a = -2, o*a - 10 = -5*x + 102. Let v = x - -35. What are the prime factors of v?
3, 19
Let a be ((-44)/(-16) - 1)/(3/12). Let p(n) = -n**3 + 8*n**2 + 9*n + 14. What are the prime factors of p(a)?
2, 3, 7
Let i = 35 - 31. Suppose -2*c - i*g - 8 - 4 = 0, 5*c + g = -3. Suppose -3*a + 5 + 118 = c. What are the prime factors of a?
41
Let z(t) = 10*t**2 - 64*t - 52. What are the prime factors of z(-8)?
2, 5, 11
Suppose 0 = -6*c + x + 58330, x + 25580 + 13308 = 4*c. List the prime factors of c.
9721
Suppose 491*u - 3*f = 494*u - 51279, -3*f - 51243 = -3*u. List the prime factors of u.
7, 2441
Let m be 4/2 - (-4 + -3 + 2). Suppose m*i + 8 = 5*i, 0 = -4*p + i + 1572. List the prime factors of p.
2, 7
Let q = -915 - -6973. What are the prime factors of q?
2, 13, 233
Let t(k) = -10871*k**3 + 4*k**2 + 7*k + 7. What are the prime factors of t(-1)?
3, 5, 29
Suppose 16 = 4*c, 4*f + 6*c - c - 1480 = 0. Let i = -345 + f. What are the prime factors of i?
2, 5
Let c(q) be the second derivative of -1/6*q**3 + 0*q**4 + 1/20*q**5 + 2*q**2 + 0 - 4*q. What are the prime factors of c(3)?
2, 7
Suppose 4*i - 5*k - 15 = 225, -4*i = -4*k - 240. Suppose -9*v = -6*v - i. Let w = v - -90. What are the prime factors of w?
2, 5, 11
Suppose 0 = -3*t + x + 17 - 1, 2 = -2*x. Suppose t*j - 914 = 1371. What are the prime factors of j?
457
What are the prime factors of (-358)/179 + (3387 - 2)?
17, 199
Suppose -37*d - 9548 + 3152 = -39*d. List the prime factors of d.
2, 3, 13, 41
Let p = -21 - -88. Let j = p - 48. Suppose -5*y = -j + 4. List the prime factors of y.
3
Let s = 18 - 12. Let c = 141 - 51. Suppose c = p + s. List the prime factors of p.
2, 3, 7
Let v be (8 + (-72)/(-2))*(-10)/(-8). Suppose 58*o - v*o = 678. Suppose 3*w + p - 159 = o, -5*p = 10. What are the prime factors of w?
3, 43
Let o(a) = -4171*a + 7343. List the prime factors of o(-9).
2, 22441
What are the prime factors of ((-264)/(-36))/(7/6531)?
2, 11, 311
What are the prime factors of (0/(-10) + -3)/((-63)/1784181)?
84961
Let h = -18 + 24. Let z be 4812/27 + h/(-27). Suppose -z = -2*s - 0*s. List the prime factors of s.
89
Suppose 31008 - 24449 = p. List the prime factors of p.
7, 937
Suppose 0 = 2*r - 4*x + 54028, -15692 = 4*r + 3*x + 92309. List the prime factors of (r/215)/(2/(-10)).
2, 157
Let w = -945 - -1812. Let j = 578 + w. List the prime factors of j.
5, 17
Let p(k) = k**2 - 8*k + 12. Let a be p(6). Suppose -2*z + 19 = -n - 163, 5*n + 20 = a. Suppose 497 - z = 2*i. What are the prime factors of i?
2, 3, 17
What are the prime factors of 4*(-21)/168*(-17162)/1?
8581
Suppose -28*m = -21*m + 15764. Let k = 3191 + m. What are the prime factors of k?
3, 313
Let k(m) = m - 1. Let v be k(3). Suppose -157 - 97 + 174 = 16*o. List the prime factors of (v/2)/(o/(-95)).
19
What are the prime factors of (2406/3)/(29/40 + 45/(-75))?
2, 401
Let j(r) = 2*r**2 - 1. Let n(z) = 2*z - 26. Suppose -2*t = -4*t + 30. Let m be n(t). List the prime factors of j(m).
31
Suppose 5*t = 7*t. Let c be 5/5 + 11 + t. Suppose -c*a - a = -546. What are the prime factors of a?
2, 3, 7
Let o(y) = -y**3 + y**2. Let a(u) = 5*u**3 + 7*u**2 - 14*u + 20. Let g = -56 + 55. Let l(z) = g*a(z) - 6*o(z). List the prime factors of l(12).
2
Let d be ((-115)/15 - -6)/((-1)/(-15)). List the prime factors of 456/(-90)*3*d.
2, 5, 19
Suppose -178924 = 86*h - 940884. What are the prime factors of h?
2, 5, 443
Suppose 0 = -9*t + 20198 + 48391. Suppose t + 1409 = 21*l. What are the prime factors of l?
2, 5, 43
Let w = -206 + 782. Suppose 4*s = 8, 2 + 10 = 5*f + s. Suppose 0 = -f*n - 10*n + w. What are the prime factors of n?
2, 3
Suppose 3*w + 8*l - 10*l - 112045 = 0, 112065 = 3*w + 3*l. What are the prime factors of w?
41, 911
Let l be (15/(-30))/(1/(-228) - 0). Let o = -122 + l. Let t(q) = -27*q - 29. What are the prime factors of t(o)?
11, 17
List the prime factors of (31260 - (4 + -7)) + -18.
3, 5, 2083
Suppose 8*d + 71 - 263 = 0. Let n be (d/(12/3))/2. Let x(i) = 2*i**2 + 2*i - 3. What are the prime factors of x(n)?
3, 7
Suppose 20*w = 4*w + 80